t is -32314 + -11?
-32325
In base 15, what is 7c4 + -2?
7c2
In base 5, what is -2001213200 + 0?
-2001213200
In base 7, what is 122443 - 24?
122416
In base 7, what is -3 - 2132012?
-2132015
In base 16, what is -3b + 8d?
52
In base 16, what is 2 + 31c7?
31c9
In base 6, what is -3 + 50153?
50150
In base 13, what is 1c - -6850?
686c
In base 6, what is -1440 - 2145?
-4025
In base 5, what is 40 + 12330432?
12331022
In base 16, what is b85 + 1a?
b9f
In base 14, what is 0 - 4864?
-4864
In base 9, what is -1477 - 10260?
-11747
In base 10, what is -175 + 36?
-139
In base 6, what is 22 - 1043?
-1021
In base 5, what is -3004123 + -22?
-3004200
In base 16, what is 3 + -1d09?
-1d06
In base 4, what is 0 + 2203133331?
2203133331
In base 3, what is -102201120 - 200?
-102202020
In base 10, what is 17206 - 9?
17197
In base 15, what is 6 - -54c?
553
In base 10, what is -18645 - 5?
-18650
In base 5, what is 1004 + 42424?
43433
In base 13, what is 1650 - -37b?
19cb
In base 6, what is 1 - 10133?
-10132
In base 4, what is -12300022 + 11?
-12300011
In base 14, what is 154 - ac?
86
In base 12, what is 14 - b82a?
-b816
In base 13, what is 18 - 2a3b8?
-2a3a0
In base 16, what is -cad4 - -2?
-cad2
In base 12, what is 82 + 106?
188
In base 15, what is -5 + -13b20?
-13b25
In base 9, what is -5 - -4816?
4811
In base 16, what is 2a + c183?
c1ad
In base 8, what is -1051 + -35?
-1106
In base 12, what is 213 + -2652?
-243b
In base 15, what is 1172 + -43?
112e
In base 13, what is -1 + a76?
a75
In base 6, what is 524 - 3522?
-2554
In base 3, what is -2110001 + 201020?
-1201211
In base 13, what is -19 - 12a7?
-12c3
In base 2, what is -111 - 1101110111001010?
-1101110111010001
In base 14, what is 1d255 + -5?
1d250
In base 2, what is 11 - 101000000110000100001?
-101000000110000011110
In base 11, what is -355275 + 1?
-355274
In base 6, what is 1113415 + -105?
1113310
In base 10, what is 13223 + 1?
13224
In base 9, what is 514812 - -3?
514815
In base 6, what is 1 - 2205334?
-2205333
In base 3, what is -21 - 2022221222?
-2022222020
In base 6, what is 13 - -2505345?
2505402
In base 9, what is -278 + 212?
-66
In base 15, what is -2 - ba8?
-baa
In base 2, what is 111 - 1001001111011001000?
-1001001111011000001
In base 8, what is -126366 + 37?
-126327
In base 3, what is 100200022 + -110?
100122212
In base 15, what is -6cc05 - 5?
-6cc0a
In base 14, what is -d965 + -4?
-d969
In base 7, what is -6452 + 21?
-6431
In base 7, what is -5266 - 6?
-5305
In base 15, what is -2797 - -19?
-277d
In base 6, what is 0 - 2222405?
-2222405
In base 3, what is -121120111202 - -200?
-121120111002
In base 5, what is 22323 + -3?
22320
In base 11, what is -1108 + -46?
-1153
In base 3, what is 11020 + -1?
11012
In base 4, what is -2133210 - -10?
-2133200
In base 10, what is 2998 + 48?
3046
In base 8, what is -11 - 270?
-301
In base 7, what is -33222262 + 1?
-33222261
In base 8, what is -6 - -100116?
100110
In base 7, what is 41052 - 1022?
40030
In base 15, what is 7 + 19da?
19e2
In base 13, what is -a - -523?
516
In base 14, what is -6ca11 - -5?
-6ca0a
In base 12, what is -111a3a - -4?
-111a36
In base 10, what is 5 - -689?
694
In base 13, what is -4 + a2386?
a2382
In base 10, what is 64 - -346?
410
In base 5, what is 22313 + -24?
22234
In base 8, what is -5 + -5024?
-5031
In base 4, what is 302230 - 231?
301333
In base 14, what is -7c + -8?
-86
In base 4, what is 103020 - 2211?
100203
In base 8, what is 26 - -15644?
15672
In base 11, what is -20947 + 14?
-20933
In base 16, what is -6c7 + 17?
-6b0
In base 6, what is 2 + 35311?
35313
In base 10, what is 64 + -6338?
-6274
In base 3, what is -2 + 210121200?
210121121
In base 13, what is 2232 + -8?
2227
In base 14, what is c + 52c?
53a
In base 12, what is 49251 + -10?
49241
In base 7, what is 1 - -2666201?
2666202
In base 2, what is -101 + 10010111000?
10010110011
In base 3, what is 112100201 + -2012?
112021112
In base 10, what is 1282 + -155?
1127
In base 10, what is 2 - -38327?
38329
In base 3, what is 12 + 1002022112?
1002022201
In base 15, what is 5210 - 1?
520e
In base 8, what is 10123 - -1265?
11410
In base 2, what is -100 - 1101010010011111?
-1101010010100011
In base 4, what is 300330 - -3?
300333
In base 12, what is 77b0 + -13?
7799
In base 8, what is -54424 - -1?
-54423
In base 10, what is -5 + -13614?
-13619
In base 13, what is 2 - -1c17?
1c19
In base 16, what is -1a + 73?
59
In base 4, what is 113010 + -1301?
111103
In base 3, what is -20110002200 - 10?
-20110002210
In base 15, what is 3 + 4ca0?
4ca3
In base 7, what is -263 + -10433?
-11026
In base 12, what is -1 - bb4?
-bb5
In base 12, what is 287 - 35?
252
In base 7, what is 445 + -1536?
-1061
In base 13, what is 6 + 9923?
9929
In base 7, what is -2216 - -542?
-1344
In base 3, what is -22111 + -101202021?
-102001202
In base 15, what is 2 + 14e72?
14e74
In base 2, what is 100011011 + 10101100111010?
10110001010101
In base 14, what is caa - -3?
cad
In base 11, what is 8569 + 57?
8615
In base 10, what is 75234 - -2?
75236
In base 2, what is 11111000110111 + -11110?
11111000011001
In base 10, what is 2 - -19185?
19187
In base 16, what is -2082c + -1?
-2082d
In base 4, what is -113 - -3320120?
3320001
In base 14, what is 2 - -52c?
530
In base 10, what is -32 - 13073?
-13105
In base 2, what is 1 + -110011011110100?
-110011011110011
In base 7, what is -2560 + 1?
-2556
In base 2, what is 1101000111000011 - 101?
1101000110111110
In base 11, what is 6 + -2a120?
-2a115
In base 14, what is -a1 - 520?
-5c1
In base 7, what is 1542 - 130?
1412
In base 9, what is 184 - 1640?
-1445
In base 12, what is -2 + -194aa?
-194b0
In base 13, what is 2 + 1418b?
14190
In base 16, what is -f + 7f1?
7e2
In base 9, what is -565657 - 7?
-565665
In base 12, what is 149 - -646?
793
In base 2, what is -11110111110 + -1101011?
-100000101001
In base 16, what is -236 - -6?
-230
In base 9, what is 1 + -1765332?
-1765331
In base 5, what is -22104 - -2040?
-20014
In base 12, what is -5 + -9900?
-9905
In base 4, what is -1 + 13330032?
13330031
In base 7, what is 5 - -425523?
425531
In base 9, what is -2103 + -10?
-2113
In base 11, what is -1587 - 3?
-158a
In base 2, what is 1001110100011110 - -111?
1001110100100101
In base 14, what is -52 - 312?
-364
In base 14, what is 0 + 22d?
22d
In base 16, what is 4c8 - -12?
4da
In base 2, what is 1111 - -1100110010?
1101000001
In base 3, what is -211 - 11100120?
-11101101
In base 8, what is 5 - -56071?
56076
In base 8, what is -71433 + 57?
-71354
In base 3, what is -12102220110 + -22?
-12102220202
In base 10, what is 5 - 16489?
-16484
In base 2, what is -11100000001 + 100110111011?
1010111010
In base 2, what is 110000001001 - -1100111110?
111101000111
In base 2, what is -1 + -10001011111010?
-10001011111011
In base 6, what is -124004 - 52?
-124100
In base 3, what is -20 - -101021?
101001
In base 7, what is -12366 - 340?
-13036
In base 11, what is -42537 - -4?
-42533
In base 12, what is 11495a5 + -4?
11495a1
In base 5, what is -2242003434 + -4?
-2242003443
In base 3, what is -1001200101 + 10?
-1001200021
In base 5, what is -1021 - 1423311?
-1424332
In base 15, what is 4 - 8db?
-8d7
In base 4, what is -1033 - 1111012?
-1112111
In base 2, what is 10010 + -10011000011?
-10010110001
In base 7, what is -60064565 - -1?
-60064564
In base 6, what is -433 - -54?
-335
In base 7, what is -501 - 25?
-526
In base 9, what is 24 + 27368?
27403
In base 6, what is -3 + -53234?
-53241
In base 16, what is -4 + 1ee3d?
1ee39
In base 9, what is -4 - -66610?
66605
In base 10, what is 47 - -14879?
14926
In base 2, what is 1111 + -100111010?
-100101011
In base 11, what is 24 - -1568aa?
156923
In base 13, what is 4 - 173899?
-173895
In base 3, what is -1210021 + 2?
-1210012
In base 14, what is -abc81 + 2?
-abc7d
In base 9, what is -10 - -38?
28
In base 4, what is -220002 + -33?
-220101
In base 10, what is 2 - -81205?
81207
In base 10, what is -335 + 1553?
1218
In base 11, what is 87 - 972?
-896
In base 2, what is -100 + 1001001010?
1001000110
In base 11, what is 2 + -2899?
-2897
In base 13, what is -2 - b298?
-b29a
In base 14, what is -1 - -38d69?
38d68
In base 2, what is -11111111111011 - 0?
-11111111111011
In base 16, what is -398 + -17?
-3af
In base 9, what is 2034647 - -2?
2034650
In base 9, what is -817715 + 1?
-817714
In bas